hat is the remainder when q is divided by 4?
0
Suppose -41209 = -156*r + 61554 - 271. What is the remainder when r is divided by 186?
99
Let k = -4 - 66. Let i = k + 70. Suppose 0 = -5*t - i*t + 5, -4*s + 56 = -4*t. What is the remainder when 57 is divided by s?
12
Suppose 1279*l - 1297*l = -2736. Suppose 0 = -7*r - 10*r + 238. Calculate the remainder when l is divided by r.
12
Let a = 3013 - 2998. What is the remainder when 748 is divided by a?
13
Suppose -9*r + 8 = -7*r. Suppose 71 = r*k - 13. Let s(q) = 3*q - 46. What is the remainder when s(k) is divided by 7?
3
Let v = 566910 - 566897. Suppose 0*w + w - 7 = 0. Calculate the remainder when v is divided by w.
6
Let l(k) = -k**2 + 168*k - 1073. Calculate the remainder when 132 is divided by l(7).
24
Let x = -169 + 258. Suppose -24*b + 2*d - 46 = -26*b, d = -3*b + 85. Calculate the remainder when x is divided by b.
27
Let q(k) = -596*k + 2485. What is the remainder when 382 is divided by q(4)?
79
Let a(u) = 55*u**2 - 307*u + 14 + 322*u + 31*u**2 - 54. Calculate the remainder when a(2) is divided by 21.
19
What is the remainder when (4/2*1614/(-12))/((-23)/23) is divided by 125?
19
Let u = -186 - -189. Calculate the remainder when 29 is divided by (70/(-56))/(u/(-12)).
4
Let h = 121 - 119. Calculate the remainder when 60/16*6*h is divided by (6/8 + (-44)/16)*-12.
21
Let s(r) = 13*r - 373. What is the remainder when s(34) is divided by (9/(-15))/((-1)/15)?
6
Suppose 0 = -5*f + 7*f - 4. Let h be 15/(-6) + f/4 - -4. Suppose -h*k + 312 = 11*k. Calculate the remainder when 46 is divided by k.
22
Let h be (-5 + (-532)/(-8))*2. Suppose 3*z + 24 - h = 0. Let o(y) = -y + 96. What is the remainder when o(0) is divided by z?
30
Suppose 5*k + 5*a - 50 = 0, -3*k + 2*a = 2*k - 78. Let d(v) = 23*v**2 + 2*v + 1. Suppose -g + 3 = 4. Calculate the remainder when d(g) is divided by k.
8
Let z = -1165 - -1177. Let t = -161 + 199. What is the remainder when t is divided by z?
2
Suppose 3*h - 4*c = 20, -5*h + c = -21 - 35. Suppose -7*q + 111 = r, -r + 119 = -0*r - q. Calculate the remainder when r is divided by h.
10
Suppose 1 = y, h + 2*h = 3*y + 42. Suppose 20 = 5*j, p - 161 - 40 = -2*j. What is the remainder when p is divided by h?
13
Suppose 27*q - 43 = 65. What is the remainder when ((-15)/q)/(((-30)/936)/5) is divided by 14?
11
Suppose -5*a + 170 = 3*v, 3*v - 2*a - 51 - 70 = 0. What is the remainder when 392 is divided by v?
32
Let g be (-18 - (2 - 0))*(-8)/(-20). Let f(p) = -p**3 - 7*p**2 + 14*p + 100. Calculate the remainder when f(g) is divided by 26.
0
Let a be -15 - ((5 - 1) + -4). Calculate the remainder when 29 is divided by ((-50)/a)/((-2)/(-9)).
14
Let z(k) = 2*k**2 - 96*k + 393. Calculate the remainder when 5365 is divided by z(4).
35
Suppose -3*p - h = 403, -2*p - 29 - 233 = 2*h. Let q = -97 - p. What is the remainder when 49 is divided by q?
10
Suppose 0*x + 30 = 3*x. Let r(l) = 10*l + 77. Let k be r(-6). Let y(z) = -2*z**3 + 36*z**2 - 33*z + 1. What is the remainder when y(k) is divided by x?
8
Let a(b) = 31*b + 1. Calculate the remainder when a(4) is divided by 7434/1770*30/7.
17
Suppose 3*s - 29*s = -0*s - 14690. What is the remainder when s is divided by 5?
0
Let n be -5 - (-1)/(1/7). Calculate the remainder when 5 + (22/10 + n)*5 is divided by 26.
0
Suppose -5*c + 48 = 3*i, -3*c - 46 = i - 6*i. Let f(r) = 5*r + 24. What is the remainder when f(i) is divided by 25?
4
Let l(q) = q**2 + 35*q + 420. What is the remainder when l(-17) is divided by 104?
10
Suppose -39*v + 10655 = -5296. What is the remainder when v is divided by 4?
1
Let m be (-5 - 124/(-20))/(6/20). Suppose -m*z + 4*a = 8*a - 60, -3*z = -a - 25. What is the remainder when 79 is divided by z?
9
Suppose 27 = -4*c + p - 17, 0 = -3*c - 2*p - 44. Let r = c + 39. Let u(n) = n + 23. Calculate the remainder when r is divided by u(-8).
12
Let u(q) = -151*q**2 - 764*q - 9. Suppose 0 = x + 4*p - 2 + 3, 0 = -5*x - 4*p + 75. Calculate the remainder when u(-5) is divided by x.
17
Suppose 15*v + 57 = -63. Calculate the remainder when (-2)/v*592/4 is divided by 15.
7
Let p(v) = 53*v**3 + 5*v**2 + v + 10 - 6*v - 54*v**3. Calculate the remainder when (5/(-10))/((-2)/52) is divided by p(4).
1
Let y(o) = -10*o + 66. Let j be y(7). Suppose 16 = 2*b - 10. What is the remainder when 17/34 + 1*(-302)/j is divided by b?
11
Suppose -431 - 185 = -11*b. What is the remainder when 88 is divided by 646/14 + 48/b?
41
Suppose 423 - 2433 - 6714 = -12*b. Calculate the remainder when b is divided by 117.
25
Let h = -150 + 501. Suppose h = 11*x + 2*x. What is the remainder when 94 is divided by x?
13
Let f = -34 + 46. Let o = f - -57. Let y = o - 40. What is the remainder when 54 is divided by y?
25
Let j(i) = -5*i + 10. Let g(m) = 4*m - 10. Let a(y) = 4*g(y) + 5*j(y). What is the remainder when 1809/33 - (-4)/22 is divided by a(0)?
5
Suppose 0 = 3*h - k - 52, -20*k - 68 = -3*h - 15*k. Let f(g) = -2*g + 57. Let j(l) = 4*l - 18. Let c be j(8). Calculate the remainder when f(c) is divided by h.
13
Suppose 117 = f - 355. Suppose -5*j - 436 = -2*i, 2*i - 4*j - f = -8*j. What is the remainder when i is divided by 26?
20
Suppose -15*t + 266 = 11. Suppose 5*o = t*o - 180. What is the remainder when 282 is divided by o?
12
Let w = -201 - -289. Let g be (-5)/30 + (-1 - (-14)/12). Suppose a - 3*l = -g*a + 6, -4*a - 4*l = -w. What is the remainder when 71 is divided by a?
17
Let l(x) = 5*x**2 - 103*x + 32. Calculate the remainder when 90 is divided by l(21).
16
Suppose 0 = 4*c - 2*x + 195 + 227, -89 = c + 5*x. Let a = c + 143. Calculate the remainder when 66 is divided by a.
27
Suppose 3294 = 5*u + 2*j, -17*u = -22*u + 5*j + 3245. Calculate the remainder when u is divided by 149.
60
Let l = -4 - -66. Let q = 62 - l. What is the remainder when 5 is divided by (-42)/21 - (-5 + q)?
2
Let b(t) = -t**3 - 5*t**2 - 2*t - 11. Let d be b(-9). Let k = -182 + d. What is the remainder when k is divided by 29?
4
Suppose -5*a + 3 = -92. Suppose 5*k - n - 41 = a, 0 = -5*k + 3*n + 70. What is the remainder when 37 is divided by 1*(4*(-1)/(-2) + k)?
11
Suppose 0 = -30*u + 34*u - 4*o - 832, 209 = u - 2*o. Calculate the remainder when 1447 is divided by u.
205
Let t = -1020 + 1040. What is the remainder when 1284 is divided by t?
4
Let y(t) = -t**3 - 6*t**2 + 2*t - 9. Suppose -222486 = -1289*m + 8089 + 167726. Calculate the remainder when m is divided by y(-7).
23
Let d(x) = 3*x**2 + 264*x + 2169. What is the remainder when 1005 is divided by d(-8)?
9
Let o(k) = -36*k**2 - 150*k - 16. Calculate the remainder when 1223 is divided by o(-3).
13
Let v = 206 + -122. Suppose 4*y - 166 = 274. Suppose -79*r - y = -v*r. Calculate the remainder when r is divided by 6.
4
Calculate the remainder when ((-90)/45 - 2448/(-5)) + 4/10 is divided by 4.
0
Let t = 3184 - 3178. Let o(n) = n**3 + 8*n**2 - 4*n - 9. What is the remainder when o(-8) is divided by t?
5
Let f = -2712 + 2742. What is the remainder when 30 is divided by f?
0
Suppose -6 = -y - 0*v + 4*v, -v + 1 = y. Suppose 5 + 3 = -y*j. Let n(o) = 3*o**2 + 6*o + 5. What is the remainder when 82 is divided by n(j)?
24
Let u = -142 - -145. Suppose u*g - 9*g = -318. Let j(o) = o**2 + o - 6. What is the remainder when g is divided by j(-5)?
11
Let u(z) = -9*z + 8*z + 22 - 2. Let d be u(-13). Let v = d - -6. What is the remainder when v is divided by 14?
11
Suppose 0 = 4*i - 46 - 302. Let u(w) = -w**2 - 5*w + 24. Let k be u(8). Let b = k + i. Calculate the remainder when 15 is divided by b.
1
Let r(n) = n**3 + 10*n**2 - 45*n + 24. Calculate the remainder when r(-11) is divided by 96.
14
Let j = -261 - -253. What is the remainder when 154 is divided by (j - -5) + 38 - -4?
37
Let q(h) = -h**3 - 70*h**2 - h + 86. What is the remainder when 1844 is divided by q(-70)?
128
Calculate the remainder when 478 is divided by 1/((-5)/(-135)) + (1/1 - -2).
28
Let d be (-6)/24 - 154/(-8). Suppose -5*o + 0*p = 2*p - 1402, 2*p + 854 = 3*o. Suppose -d*q + 13*q + o = 0. What is the remainder when q is divided by 26?
21
Let k(i) = -i**2 + 8*i + 7. Suppose 42*s - 206 - 10 = 24*s. Calculate the remainder when k(6) is divided by s.
7
Let w be (9 + 6)/(-5) + -126. Calculate the remainder when (-29 - -28)/(1/w) is divided by 33.
30
Suppose 146*q + 161*q = 562117. Calculate the rema